 the remainder when 106 is divided by 22.
18
Calculate the remainder when 488 is divided by 117.
20
What is the remainder when 285 is divided by 37?
26
Calculate the remainder when 136 is divided by 35.
31
What is the remainder when 545 is divided by 56?
41
What is the remainder when 600 is divided by 234?
132
Calculate the remainder when 427 is divided by 426.
1
Calculate the remainder when 2666 is divided by 23.
21
What is the remainder when 192 is divided by 39?
36
Calculate the remainder when 92 is divided by 26.
14
Calculate the remainder when 6756 is divided by 218.
216
What is the remainder when 298 is divided by 24?
10
What is the remainder when 883 is divided by 68?
67
Calculate the remainder when 219 is divided by 10.
9
What is the remainder when 6535 is divided by 19?
18
What is the remainder when 361 is divided by 7?
4
What is the remainder when 349 is divided by 194?
155
What is the remainder when 238 is divided by 137?
101
What is the remainder when 123 is divided by 34?
21
What is the remainder when 376 is divided by 21?
19
Calculate the remainder when 218 is divided by 72.
2
Calculate the remainder when 14190 is divided by 57.
54
What is the remainder when 67 is divided by 42?
25
What is the remainder when 545 is divided by 165?
50
What is the remainder when 187 is divided by 32?
27
What is the remainder when 38 is divided by 14?
10
Calculate the remainder when 42 is divided by 17.
8
What is the remainder when 791 is divided by 11?
10
What is the remainder when 245 is divided by 7?
0
Calculate the remainder when 164 is divided by 55.
54
What is the remainder when 388 is divided by 11?
3
Calculate the remainder when 506 is divided by 45.
11
What is the remainder when 188 is divided by 21?
20
Calculate the remainder when 237 is divided by 42.
27
Calculate the remainder when 2309 is divided by 77.
76
Calculate the remainder when 95 is divided by 14.
11
What is the remainder when 1237 is divided by 54?
49
Calculate the remainder when 1089 is divided by 180.
9
What is the remainder when 137 is divided by 46?
45
Calculate the remainder when 1244 is divided by 15.
14
Calculate the remainder when 1994 is divided by 95.
94
What is the remainder when 1222 is divided by 102?
100
What is the remainder when 173 is divided by 59?
55
Calculate the remainder when 3064 is divided by 118.
114
Calculate the remainder when 447 is divided by 92.
79
What is the remainder when 441 is divided by 34?
33
Calculate the remainder when 615 is divided by 156.
147
What is the remainder when 242 is divided by 69?
35
Calculate the remainder when 296 is divided by 100.
96
What is the remainder when 10360 is divided by 26?
12
What is the remainder when 255 is divided by 244?
11
Calculate the remainder when 243 is divided by 66.
45
What is the remainder when 246 is divided by 23?
16
Calculate the remainder when 323 is divided by 75.
23
Calculate the remainder when 10403 is divided by 153.
152
Calculate the remainder when 124 is divided by 63.
61
Calculate the remainder when 12399 is divided by 78.
75
Calculate the remainder when 299 is divided by 12.
11
Calculate the remainder when 1268 is divided by 8.
4
What is the remainder when 130 is divided by 103?
27
What is the remainder when 211 is divided by 114?
97
Calculate the remainder when 2499 is divided by 1246.
7
Calculate the remainder when 158 is divided by 27.
23
Calculate the remainder when 33 is divided by 7.
5
What is the remainder when 7390 is divided by 176?
174
Calculate the remainder when 200 is divided by 27.
11
What is the remainder when 724 is divided by 91?
87
Calculate the remainder when 638 is divided by 40.
38
What is the remainder when 3167 is divided by 44?
43
What is the remainder when 262 is divided by 24?
22
What is the remainder when 98 is divided by 52?
46
What is the remainder when 3360 is divided by 19?
16
What is the remainder when 75 is divided by 21?
12
Calculate the remainder when 147 is divided by 5.
2
What is the remainder when 499 is divided by 20?
19
What is the remainder when 444 is divided by 9?
3
Calculate the remainder when 2651 is divided by 20.
11
Calculate the remainder when 613 is divided by 195.
28
What is the remainder when 71 is divided by 16?
7
What is the remainder when 23 is divided by 14?
9
Calculate the remainder when 2279 is divided by 255.
239
Calculate the remainder when 458 is divided by 9.
8
What is the remainder when 291 is divided by 21?
18
What is the remainder when 404 is divided by 139?
126
What is the remainder when 396 is divided by 41?
27
Calculate the remainder when 366 is divided by 137.
92
Calculate the remainder when 505 is divided by 125.
5
What is the remainder when 1229 is divided by 88?
85
Calculate the remainder when 88 is divided by 31.
26
What is the remainder when 493 is divided by 39?
25
Calculate the remainder when 21041 is divided by 9.
8
Calculate the remainder when 835 is divided by 24.
19
Calculate the remainder when 2586 is divided by 23.
10
Calculate the remainder when 152 is divided by 42.
26
What is the remainder when 282 is divided by 47?
0
What is the remainder when 1212 is divided by 9?
6
What is the remainder when 679 is divided by 16?
7
Calculate the remainder when 168 is divided by 25.
18
What is the remainder when 32 is divided by 1?
0
Calculate the remainder when 3 is divided by 3.
0
Calculate the remainder when 41 is divided by 5.
1
What is the remainder when 1132 is divided by 17?
10
Calculate the remainder when 376 is divided by 39.
25
What is the remainder when 1857 is divided by 169?
167
What is the remainder when 77 is divided by 12?
5
Calculate the remainder when 78 is divided by 16.
14
What is the remainder when 130 is divided by 5?
0
What is the remainder when 960 is divided by 190?
10
Calculate the remainder when 824 is divided by 27.
14
Calculate the remainder when 56 is divided by 38.
18
What is the remainder when 573 is divided by 9?
6
What is the remainder when 518 is divided by 65?
63
What is the remainder when 225 is divided by 113?
112
Calculate the remainder when 162 is divided by 24.
18
Calculate the remainder when 125 is divided by 10.
5
Calculate the remainder when 209 is divided by 14.
13
What is the remainder when 469 is divided by 45?
19
Calculate the remainder when 410 is divided by 106.
92
What is the remainder when 5350 is divided by 17?
12
What is the remainder when 157 is divided by 25?
7
Calculate the remainder when 1612 is divided by 81.
73
What is the remainder when 1011 is divided by 1006?
5
What is the remainder when 322 is divided by 23?
0
Calculate the remainder when 12 is divided by 10.
2
Calculate the remainder when 569 is divided by 45.
29
What is the remainder when 4564 is divided by 33?
10
What is the remainder when 11698 is divided by 52?
50
Calculate the remainder when 6888 is divided by 53.
51
Calculate the remainder when 127 is divided by 31.
3
Calculate the remainder when 98 is divided by 51.
47
Calculate the remainder when 4886 is divided by 257.
3
What is the remainder when 3533 is divided by 272?
269
What is the remainder when 236 is divided by 165?
71
Calculate the remainder when 90 is divided by 14.
6
What is the remainder when 2292 is divided by 46?
38
Calculate the remainder when 340 is divided by 173.
167
What is the remainder when 299 is divided by 20?
19
Calculate the remainder when 16585 is divided by 53.
49
Calculate the remainder when 1142 is divided by 36.
26
Calculate the remainder when 2314 is divided by 179.
166
What is the remainder when 1762 is divided by 68?
62
What is the remainder when 1118 is divided by 66?
62
What is the remainder when 1017 is divided by 12?
9
What is the remainder when 392 is divided by 5?
2
Calculate the remainder when 162 is divided by 89.
73
What is the remainder when 119 is divided by 25?
19
Calculate the remainder when 232 is divided by 15.
7
What is the remainder when 3004 is divided by 10?
4
Calculate the remainder when 955 is divided by 48.
43
Calculate the remainder when 644 is divided by 17.
15
Calculate the remainder when 151 is divided by 53.
45
Calculate the remainder when 3397 is divided by 179.
175
What is the remainder when 548 is divided by 92?
88
What is the remainder when 1225 is divided by 16?
9
Calculate the 